+ j. What is the remainder when 52 is divided by k?
10
Let z = 9 - -124. What is the remainder when z is divided by 34?
31
Suppose 3*j = 2*j - 34. Suppose -m = 2 - 4. Calculate the remainder when ((-1)/m)/(1/j) is divided by 9.
8
Suppose 4*s - 2*s = 4*x - 2, 2*s - 1 = x. Suppose 7 - s = a. Calculate the remainder when 9 is divided by a.
3
Suppose 4*a - 50 = 58. Let o = 48 - a. Calculate the remainder when o is divided by (4/(-6))/(-1)*12.
5
Let f = -1 - -1. Let a = 0 - -14. What is the remainder when 27 + (f - 0)/(-2) is divided by a?
13
Let w(t) = -t - 7. Let m(p) = p**3 - 15*p**2 + 15*p - 12. What is the remainder when m(14) is divided by w(-9)?
0
Suppose 0 = -3*d + 2*d - 3. Let y be (-6)/3 - (d + 1). Suppose -7 = -3*g + 3*i + 2, y = -3*g + 4*i + 9. What is the remainder when 5 is divided by g?
2
Let r be 4*(2 - (1 + 0)). Calculate the remainder when 58 is divided by 59/r - (-3)/12.
13
Suppose -7 = 3*z + 11. Let g = z - -12. Suppose -2*b + g = -2. What is the remainder when b is divided by 2?
0
Let b = 16 - 11. Suppose b*a = a. Suppose 7*v - 2*v - 35 = a. Calculate the remainder when 20 is divided by v.
6
Let s = 96 + -91. What is the remainder when 16 is divided by s?
1
Calculate the remainder when -2*(-3)/(-6)*(-6 - 61) is divided by 18.
13
Let u(s) = 2*s**3 - 8*s**2 + 15*s - 16. Calculate the remainder when u(5) is divided by 28.
25
Suppose -2*j + 26 + 6 = 0. What is the remainder when 46 is divided by j?
14
Suppose 0*f + 10 = 5*f. Suppose a - 21 = -s - 3*a, -5*s - 4*a = -153. Suppose -f*v = -93 + s. Calculate the remainder when v is divided by 11.
8
Suppose -47*d = -42*d - 55. What is the remainder when 38 is divided by d?
5
Let h(o) = 16*o**2 - 9*o + 14. Let j(s) = 3*s**2 - 2*s + 3. Let r(c) = -2*h(c) + 11*j(c). Calculate the remainder when r(-4) is divided by 19.
18
Suppose 28 = f + 3*x - 8*x, 2*f - 5*x - 31 = 0. Suppose -4*u - f*l - 2*l + 3 = 0, 0 = 4*u - 3*l - 11. Calculate the remainder when 8 is divided by u.
0
Suppose 0 = 4*q - 10 + 26. Let f = q - -7. Calculate the remainder when 4 is divided by f.
1
Let a(v) = -3*v - 5. Let f(p) = 10*p - 1. What is the remainder when f(5) is divided by a(-6)?
10
Let p(w) = w**2 - 2*w - 5. Let s be p(6). Let x = -6 + s. Let k = 111 - 74. What is the remainder when k is divided by x?
11
Let d = -44 + 74. Let s = 70 - d. Calculate the remainder when s is divided by ((-33)/(-12) + -1)*8.
12
Suppose 4*w - 94 = -v, -4*v = -9*v + 5*w + 520. Calculate the remainder when v is divided by 15.
12
Let a = -41 - -108. What is the remainder when a is divided by 17?
16
Suppose 4*n = h - 18, 3*h - 8*n - 38 = -4*n. Suppose -5*s - 18 = -113. What is the remainder when s is divided by h?
9
Let q(g) = -6*g - 9. What is the remainder when q(-6) is divided by 14?
13
Let b = 36 + -21. What is the remainder when (-153)/(-6)*6/9 is divided by (18/b)/((-3)/(-15))?
5
Let g = 79 + -42. Calculate the remainder when g is divided by 13.
11
Let x(m) = m**3 + 7*m**2 + 6. Calculate the remainder when ((-14)/4)/(6/(-36)) is divided by x(-7).
3
What is the remainder when 86 is divided by 6/(-2) - (-21)/1?
14
Suppose 55 = 5*o - 5. What is the remainder when 1 + -3 + 1 - -32 is divided by o?
7
Let o = -3 - -18. Let t be (-3 + -2)*(-24)/o. Suppose -t*q + 5*d + 41 = -4*q, d + 1 = 0. Calculate the remainder when 17 is divided by q.
8
Calculate the remainder when (104/32)/((-1)/(-4)) is divided by 7.
6
Suppose -5*o - 3*z = z - 2, -3*o = -2*z - 10. Let h = o + 2. Suppose h*x - 5*x + 45 = 0. What is the remainder when x is divided by 12?
9
Let f = 89 - -24. What is the remainder when f is divided by 23?
21
Let m = -5 + 8. Suppose 0 = m*o - 2*a - 31, 26 = -5*a + 1. Calculate the remainder when 13 is divided by o.
6
Suppose 2*l - 30 = -4*h, l = -h + 2*l + 6. Let a(w) = 1 + 4*w - 3 - h*w. What is the remainder when a(-3) is divided by 3?
1
Suppose -6*r + 5*y = -2*r - 230, 6 = 3*y. Suppose -4*b = f - r, -41 = -2*b - 4*f - 11. What is the remainder when 28 is divided by b?
13
What is the remainder when 132 is divided by (90/3)/(3 - 1)?
12
Let b(z) be the first derivative of 3*z**2 + z + 1. Let s be b(5). Suppose -2*i - 11 = -s. What is the remainder when 18 is divided by i?
8
Calculate the remainder when 41 is divided by 2*(-30)/(-4) - 4.
8
Let p(t) = -2*t**3 + t**2. Let h(b) = b**3 - 7*b**2 + 5. Let f be h(7). Suppose f*n - 39 = -4. Calculate the remainder when p(-2) is divided by n.
6
Let y(c) = c**3 - 4*c**2 + 5*c - 2. Suppose 3*q + 2*a - 9 = 0, 2*a + 4 = 3*q - 5. Calculate the remainder when 6 is divided by y(q).
2
Let t be 3/(-15) + (-72)/(-10). Let z(i) = t + 2*i**2 - 2 - 3 + i. What is the remainder when 35 is divided by z(2)?
11
Let z(y) = y**3 - 3*y**2 - 4*y + 3. Let d be z(4). Suppose 7*u + 10 = 2*u, d*u + 38 = 2*k. Calculate the remainder when 45 is divided by k.
13
Suppose 3*p - 3 = 48. Calculate the remainder when p is divided by 6.
5
Suppose 2*p - 12 = s, -p + 2*s = -5*p + 16. Suppose -11 = -l + p. Calculate the remainder when 30 is divided by l.
14
Let w(f) = -f**2 + 10*f + 9. Let d be 10 + 1 + 3 + -4. Suppose -4*v + 4*x + 116 = 0, 2*v + 4*x = 4*v - 64. What is the remainder when v is divided by w(d)?
8
Let o be ((-12)/(-14))/(2/14). Let n be (o/(-15))/(2/10). Calculate the remainder when (-63)/n + (-2)/(-4) is divided by 11.
10
Calculate the remainder when (-3)/(-9) - 136/(-6) is divided by 7.
2
Let f(m) = m**2 - 2*m - 1. Let x = 11 + -16. What is the remainder when (-2)/x*(2 - -28) is divided by f(4)?
5
Let v = 6 - -4. Let g(r) = 3*r**2 + 4*r + 23. Let a(m) = 4*m**2 + 5*m + 24. Let z(s) = -4*a(s) + 5*g(s). Calculate the remainder when z(0) is divided by v.
9
Suppose s - 8 = 4. Calculate the remainder when (-1)/(-6) - (-166)/s is divided by 3*(0 - (-10)/6).
4
Let l = 10 - 0. Calculate the remainder when 19 is divided by l.
9
Let x = 0 - -4. Suppose 0 = 3*z + x*v - 116, -2*z - 5*v + 42 + 26 = 0. Calculate the remainder when z is divided by 12.
8
Let a = -9 - -15. Suppose 0*k = -2*k - 8, -5*k + 2 = -2*r. Let n = 0 - r. What is the remainder when n is divided by a?
5
Let l = -35 - -49. What is the remainder when 53 is divided by l?
11
Let f = 171 + -159. Calculate the remainder when 44 is divided by f.
8
What is the remainder when 6/2 - (-2 - (3 + 1)) is divided by 4?
1
Suppose -4*h + 15 = -1. Calculate the remainder when 38 is divided by (-320)/(-30) + h/(-6).
8
Suppose u = 1 - 2. What is the remainder when 64 - (4 - (u + 2)) is divided by 21?
19
Suppose 0 = v - 2*d - 5, 0*v - 5*v + 2*d + 17 = 0. Suppose 2*r + 5*g - 30 = 30, r - 29 = -v*g. Calculate the remainder when r is divided by 12.
11
Let r(v) = 24*v + 10. What is the remainder when r(10) is divided by 18?
16
Let p = -43 - -84. Let c(l) = -l**3 - l + 11. What is the remainder when p is divided by c(0)?
8
Let f(z) = -7*z**3 - 4*z**2 - 4*z + 1. What is the remainder when 144 is divided by f(-2)?
46
Let q be ((-225)/(-18))/((-1)/(-2)). Let g = 37 - q. What is the remainder when 21 is divided by g?
9
Let h(u) = -9*u**3 - u**2 - u - 1. Let j be h(-1). Suppose -j = -4*p - 0*p, -4*p - 7 = -z. Calculate the remainder when -22*3/(3/(-2)) is divided by z.
14
Suppose 0*a + a + 23 = -5*l, 3*l = -9. Let s = a - -28. What is the remainder when 39 is divided by s?
19
Let h be 10 - 3 - (-2 + 1). Suppose -5*b + b - h = 0. What is the remainder when 43 is divided by b + 16 - 2/(-2)?
13
Let i = 17 - 11. Suppose -3*m - 4 = -z - 0*z, -3*m - 16 = -4*z. What is the remainder when i is divided by z?
2
Suppose 0 = 106*i - 108*i + 124. What is the remainder when i is divided by 16?
14
Let j = 14 - 14. Suppose -3*g + 60 - 9 = j. Calculate the remainder when 50 is divided by g.
16
Let g(s) = 3*s**3 - 10*s**2 + 7*s - 10. Calculate the remainder when g(4) is divided by 13.
11
Calculate the remainder when (3 + -7)/((-2)/35) is divided by 18.
16
Let s = 0 + 3. Suppose s = -f + 15. What is the remainder when f is divided by 2 + -4 - -2 - -7?
5
Let h(b) = -b**3 - 22*b**2 - 2*b - 10. What is the remainder when h(-22) is divided by 13?
8
Suppose -6*w + 26 = -34. What is the remainder when 269 is divided by w?
9
Suppose 9*p = 13*p - 132. Let l(r) = -66*r - 1. Calculate the remainder when l(-1) is divided by p.
32
Let f(i) = i**2 + 2*i - 12. Calculate the remainder when f(5) is divided by 8.
7
Let r(t) = -t